t are the prime factors of 403499?
403499
List the prime factors of 3962904.
2, 3, 11, 17, 883
List the prime factors of 164763.
3, 18307
List the prime factors of 29257631.
13, 691, 3257
List the prime factors of 1239475.
5, 43, 1153
List the prime factors of 12240739.
7, 249811
What are the prime factors of 37570922?
2, 1583, 11867
What are the prime factors of 1189527?
3, 396509
List the prime factors of 373501.
373501
List the prime factors of 753451.
367, 2053
List the prime factors of 104485.
5, 20897
List the prime factors of 963529.
7, 59, 2333
List the prime factors of 311964.
2, 3, 25997
What are the prime factors of 81459?
3, 7, 431
List the prime factors of 4443116.
2, 1110779
What are the prime factors of 5995878?
2, 3, 7, 142759
What are the prime factors of 5414895?
3, 5, 120331
List the prime factors of 5511082.
2, 2755541
List the prime factors of 25039358.
2, 1459, 8581
What are the prime factors of 544603?
37, 41, 359
What are the prime factors of 1521474?
2, 3, 239, 1061
What are the prime factors of 269675?
5, 7, 23, 67
List the prime factors of 4952038.
2, 7, 13, 23
List the prime factors of 620214.
2, 3, 7, 14767
List the prime factors of 2516440.
2, 5, 53, 1187
List the prime factors of 8649157.
11, 37, 79, 269
What are the prime factors of 1583098?
2, 11, 227, 317
What are the prime factors of 1051274?
2, 7, 61, 1231
List the prime factors of 22414.
2, 7, 1601
What are the prime factors of 615806?
2, 307903
List the prime factors of 1624906.
2, 71, 11443
What are the prime factors of 27227?
19, 1433
What are the prime factors of 1330477?
409, 3253
What are the prime factors of 2356771?
2356771
List the prime factors of 4490922.
2, 3, 748487
What are the prime factors of 134270?
2, 5, 29, 463
What are the prime factors of 6417005?
5, 7, 183343
What are the prime factors of 1352273?
13, 104021
What are the prime factors of 627963?
3, 7, 17, 1759
List the prime factors of 1767766.
2, 7, 11, 13, 883
List the prime factors of 204780.
2, 3, 5, 3413
What are the prime factors of 759614?
2, 47, 8081
List the prime factors of 9383959.
13, 721843
What are the prime factors of 32433470?
2, 5, 3243347
What are the prime factors of 193445?
5, 7, 5527
List the prime factors of 10027877.
19, 139, 3797
What are the prime factors of 28926892?
2, 19, 257, 1481
List the prime factors of 28115590.
2, 5, 2811559
What are the prime factors of 117454?
2, 58727
What are the prime factors of 1105385?
5, 221077
What are the prime factors of 174760?
2, 5, 17, 257
List the prime factors of 9455.
5, 31, 61
What are the prime factors of 697465?
5, 139493
List the prime factors of 123795.
3, 5, 7, 131
List the prime factors of 177777.
3, 19753
List the prime factors of 10126650.
2, 3, 5, 67511
What are the prime factors of 7092637?
389, 18233
List the prime factors of 3911832.
2, 3, 54331
List the prime factors of 720159.
3, 11, 139, 157
List the prime factors of 324775.
5, 11, 1181
List the prime factors of 3800005.
5, 11, 571
What are the prime factors of 55741?
7, 7963
What are the prime factors of 361886?
2, 7, 25849
List the prime factors of 168217.
7, 3433
List the prime factors of 1421865.
3, 5, 19, 1663
What are the prime factors of 13054161?
3, 2083, 2089
What are the prime factors of 506944?
2, 89
What are the prime factors of 3353613?
3, 43, 25997
What are the prime factors of 349380?
2, 3, 5, 647
List the prime factors of 849069.
3, 13, 41, 59
List the prime factors of 1556317.
7, 223, 997
List the prime factors of 91592.
2, 107
List the prime factors of 114371.
114371
List the prime factors of 3294295.
5, 37, 17807
List the prime factors of 201416.
2, 17, 1481
List the prime factors of 210238.
2, 7, 15017
List the prime factors of 389110.
2, 5, 167, 233
What are the prime factors of 3808495?
5, 163, 4673
List the prime factors of 144211.
17, 499
List the prime factors of 411163.
179, 2297
List the prime factors of 16846450.
2, 5, 336929
List the prime factors of 347644.
2, 11, 7901
List the prime factors of 845911.
11, 6991
What are the prime factors of 1664483?
31, 53693
What are the prime factors of 522393?
3, 17, 10243
What are the prime factors of 3368718?
2, 3, 23, 79, 103
What are the prime factors of 26228190?
2, 3, 5, 37, 23629
List the prime factors of 5824586.
2, 2912293
What are the prime factors of 2945052?
2, 3, 11, 37, 67
List the prime factors of 111605.
5, 13, 17, 101
What are the prime factors of 1798600?
2, 5, 17, 23
What are the prime factors of 1844769?
3, 149, 4127
What are the prime factors of 1732389?
3, 577463
List the prime factors of 8595006.
2, 3, 7, 113, 1811
What are the prime factors of 11640248?
2, 1455031
List the prime factors of 2052802.
2, 1026401
List the prime factors of 24277296.
2, 3, 505777
List the prime factors of 199873.
199873
List the prime factors of 6867965.
5, 13, 157, 673
What are the prime factors of 170332?
2, 97, 439
List the prime factors of 216640.
2, 5, 677
List the prime factors of 13674789.
3, 1519421
List the prime factors of 16316175.
3, 5, 17, 67, 191
What are the prime factors of 677758?
2, 349, 971
List the prime factors of 356230.
2, 5, 7, 727
List the prime factors of 1749385.
5, 11, 17, 1871
What are the prime factors of 134425?
5, 19, 283
What are the prime factors of 128068?
2, 101, 317
List the prime factors of 1119775.
5, 47, 953
What are the prime factors of 6684159?
3, 2228053
List the prime factors of 9169013.
7, 59, 149
List the prime factors of 2372168.
2, 61, 4861
What are the prime factors of 6076054?
2, 3038027
What are the prime factors of 314000?
2, 5, 157
List the prime factors of 20337.
3, 6779
What are the prime factors of 188790?
2, 3, 5, 7, 29, 31
What are the prime factors of 16152614?
2, 2693, 2999
What are the prime factors of 2232969?
3, 269, 2767
What are the prime factors of 94834?
2, 47417
What are the prime factors of 147802?
2, 67, 1103
What are the prime factors of 25678896?
2, 3, 223, 2399
What are the prime factors of 25043645?
5, 11, 455339
What are the prime factors of 11147300?
2, 5, 19, 5867
What are the prime factors of 3114608?
2, 7, 27809
List the prime factors of 827469.
3, 19, 1613
List the prime factors of 7553488.
2, 19, 24847
What are the prime factors of 431935?
5, 7, 41, 43
What are the prime factors of 131094?
2, 3, 7283
What are the prime factors of 4328910?
2, 3, 5, 16033
List the prime factors of 701995.
5, 7, 31, 647
List the prime factors of 1698166.
2, 849083
List the prime factors of 261536.
2, 11, 743
What are the prime factors of 217026?
2, 3, 4019
List the prime factors of 88323.
3, 59, 499
List the prime factors of 528017.
7, 75431
What are the prime factors of 75037?
75037
What are the prime factors of 3424336?
2, 214021
What are the prime factors of 280105?
5, 7, 53, 151
List the prime factors of 869762.
2, 434881
What are the prime factors of 87491?
87491
What are the prime factors of 198930?
2, 3, 5, 19, 349
What are the prime factors of 8908488?
2, 3, 41243
List the prime factors of 669063.
3, 83, 2687
List the prime factors of 7027963.
43, 137, 1193
What are the prime factors of 97623?
3, 10847
List the prime factors of 12712941.
3, 37, 38177
What are the prime factors of 153557?
153557
What are the prime factors of 197702?
2, 41, 2411
List the prime factors of 5596747.
13, 53, 8123
What are the prime factors of 10064816?
2, 17, 37003
List the prime factors of 6824832.
2, 3, 7, 2539
List the prime factors of 345039.
3, 115013
What are the prime factors of 270686?
2, 13, 29, 359
What are the prime factors of 831021?
3, 277007
What are the prime factors of 4601467?
13, 239, 1481
List the prime factors of 76068.
2, 3, 2113
List the prime factors of 111952.
2, 6997
List the prime factors of 218231.
13, 16787
List the prime factors of 330766.
2, 165383
What are the prime factors of 463728?
2, 3, 9661
What are the prime factors of 769898?
2, 41, 229
List the prime factors of 4808839.
7, 686977
What are the prime factors of 35186?
2, 73, 241
List the prime factors of 2915434.
2, 23, 61, 1039
What are the prime factors of 247553?
247553
What are the prime factors of 675697?
11, 19, 53, 61
What are the prime factors of 33638?
2, 11, 139
List the prime factors of 711742.
2, 239, 1489
List the prime factors of 143482